{"id":14,"date":"2026-04-05T21:01:03","date_gmt":"2026-04-05T21:01:03","guid":{"rendered":"https:\/\/www.snautopalvelu.fi\/?page_id=14"},"modified":"2026-04-06T07:37:01","modified_gmt":"2026-04-06T07:37:01","slug":"etusivu","status":"publish","type":"page","link":"https:\/\/www.snautopalvelu.fi\/","title":{"rendered":"Etusivu"},"content":{"rendered":"\n<div class=\"wp-block-group alignfull has-global-padding is-layout-constrained wp-container-core-group-is-layout-0c9c989a wp-block-group-is-layout-constrained\" style=\"min-height:0vh;margin-top:0;margin-bottom:0;padding-top:var(--wp--preset--spacing--70);padding-right:var(--wp--preset--spacing--40);padding-bottom:var(--wp--preset--spacing--70);padding-left:var(--wp--preset--spacing--40)\">\n<div class=\"wp-block-group has-global-padding is-layout-constrained wp-container-core-group-is-layout-346627ba wp-block-group-is-layout-constrained\">\n<h2 class=\"wp-block-heading has-text-align-center has-xx-large-font-size\" style=\"margin-right:0;margin-left:0;padding-right:0;padding-left:0\">SN AutoPalvelu &#8211; Soita!<\/h2>\n\n\n\n<p class=\"has-text-align-center\">SN AutoPalvelu on yritys, jolle autot ovat intohimo.<br>Meille jokainen auto on t\u00e4rke\u00e4, ja jokainen ty\u00f6 tehd\u00e4\u00e4n huolella alusta loppuun. Tarjoamme rehellist\u00e4, laadukasta ja luotettavaa autohuoltoa ilman turhaa kikkailua \u2013 juuri niin kuin sen pit\u00e4\u00e4kin olla.<\/p>\n\n\n\n<p class=\"has-text-align-center\"><\/p>\n\n\n\n<div class=\"wp-block-buttons is-content-justification-center is-layout-flex wp-container-core-buttons-is-layout-a89b3969 wp-block-buttons-is-layout-flex\">\n<div class=\"wp-block-button\"><a class=\"wp-block-button__link wp-element-button\" href=\"tel:0443848800\">Yhteystiedot -&gt;<\/a><\/div>\n<\/div>\n<\/div>\n<\/div>\n\n\n\n<div class=\"wp-block-group alignfull is-style-section-1 has-global-padding is-layout-constrained wp-block-group-is-layout-constrained is-style-section-1--1\" style=\"margin-top:0;margin-bottom:0;padding-top:var(--wp--preset--spacing--80);padding-bottom:var(--wp--preset--spacing--80)\">\n<div class=\"wp-block-columns alignwide is-layout-flex wp-container-core-columns-is-layout-66fad18a wp-block-columns-is-layout-flex\">\n<div class=\"wp-block-column is-layout-flow wp-block-column-is-layout-flow\" style=\"padding-right:var(--wp--preset--spacing--50);flex-basis:45%\">\n<figure class=\"wp-block-image size-full\"><img loading=\"lazy\" decoding=\"async\" width=\"1024\" height=\"1024\" src=\"https:\/\/www.snautopalvelu.fi\/wp-content\/uploads\/2026\/04\/SNAUTOPALVELU.png\" alt=\"\" class=\"wp-image-18\" srcset=\"https:\/\/www.snautopalvelu.fi\/wp-content\/uploads\/2026\/04\/SNAUTOPALVELU.png 1024w, https:\/\/www.snautopalvelu.fi\/wp-content\/uploads\/2026\/04\/SNAUTOPALVELU-300x300.png 300w, https:\/\/www.snautopalvelu.fi\/wp-content\/uploads\/2026\/04\/SNAUTOPALVELU-150x150.png 150w, https:\/\/www.snautopalvelu.fi\/wp-content\/uploads\/2026\/04\/SNAUTOPALVELU-768x768.png 768w\" sizes=\"auto, (max-width: 1024px) 100vw, 1024px\" \/><\/figure>\n\n\n\n<div class=\"wp-block-group has-global-padding is-layout-constrained wp-block-group-is-layout-constrained\" style=\"margin-top:-12vw\"><\/div>\n<\/div>\n\n\n\n<div class=\"wp-block-column is-vertically-aligned-center is-layout-flow wp-block-column-is-layout-flow\" style=\"padding-right:0;padding-left:0;flex-basis:50%\">\n<div class=\"wp-block-group is-vertical is-layout-flex wp-container-core-group-is-layout-fe9cc265 wp-block-group-is-layout-flex\">\n<h2 class=\"wp-block-heading is-style-text-annotation is-style-text-annotation--2\">Tietoa meist\u00e4<\/h2>\n<\/div>\n\n\n\n<p class=\"is-style-text-subtitle is-style-text-subtitle--3\">SN AutoPalvelu tarjoaa laadukkaat autohuollot, korjaukset ja diagnostiikkapalvelut kaiken merkkisille ajoneuvoille. Hoidamme m\u00e4\u00e4r\u00e4aikaishuollot, vikadiagnostiikan, jarruremontit, \u00f6ljynvaihdot sek\u00e4 muut autohuollot nopeasti ja luotettavasti. <\/p>\n\n\n\n<p class=\"is-style-text-subtitle is-style-text-subtitle--4\">SN AutoPalvelu on vuonna 2025 perustettu toiminimiyritys Oulun Metsokankaalla. Olemme korjanneet ja huoltaneet useita eri automerkkej\u00e4 t\u00e4m\u00e4n lyhyen yritys taipaleen aikana. Asiantuntemus ja luotto ty\u00f6h\u00f6n tulee vankalta harrastus pohjalta. Olemme rakentaneet autoja kohta 8 vuoden ajan.<\/p>\n<\/div>\n<\/div>\n<\/div>\n\n\n\n<div class=\"wp-block-group alignfull has-global-padding is-layout-constrained wp-container-core-group-is-layout-ebee8dc1 wp-block-group-is-layout-constrained\" style=\"margin-top:0;margin-bottom:0;padding-top:var(--wp--preset--spacing--50);padding-bottom:var(--wp--preset--spacing--50)\">\n<h2 class=\"wp-block-heading alignwide\">Meid\u00e4n palvelumme<\/h2>\n\n\n\n<div class=\"wp-block-columns alignwide is-layout-flex wp-container-core-columns-is-layout-28f84493 wp-block-columns-is-layout-flex\">\n<div class=\"wp-block-column is-layout-flow wp-block-column-is-layout-flow\">\n<figure class=\"wp-block-image size-full\" style=\"margin-bottom:24px\"><img loading=\"lazy\" decoding=\"async\" width=\"702\" height=\"691\" src=\"https:\/\/www.snautopalvelu.fi\/wp-content\/uploads\/2026\/04\/renkaanvaihto.png\" alt=\"\" class=\"wp-image-20\" style=\"aspect-ratio:4\/3;object-fit:cover\" srcset=\"https:\/\/www.snautopalvelu.fi\/wp-content\/uploads\/2026\/04\/renkaanvaihto.png 702w, https:\/\/www.snautopalvelu.fi\/wp-content\/uploads\/2026\/04\/renkaanvaihto-300x295.png 300w\" sizes=\"auto, (max-width: 702px) 100vw, 702px\" \/><\/figure>\n\n\n\n<h3 class=\"wp-block-heading\">M\u00e4\u00e4r\u00e4aikaishuollot<\/h3>\n\n\n\n<p class=\"has-medium-font-size\">Pid\u00e4mme autosi kunnossa s\u00e4\u00e4nn\u00f6llisill\u00e4 huolloilla. M\u00e4\u00e4r\u00e4aikaishuollot ja \u00f6ljynvaihdot varmistavat ajoneuvosi luotettavan toiminnan ja pitk\u00e4n k\u00e4ytt\u00f6i\u00e4n.<\/p>\n<\/div>\n\n\n\n<div class=\"wp-block-column is-layout-flow wp-block-column-is-layout-flow\">\n<figure class=\"wp-block-image size-full\" style=\"margin-bottom:24px\"><img loading=\"lazy\" decoding=\"async\" width=\"580\" height=\"353\" src=\"https:\/\/www.snautopalvelu.fi\/wp-content\/uploads\/2026\/04\/Moottori-tila.png\" alt=\"\" class=\"wp-image-21\" style=\"aspect-ratio:4\/3;object-fit:cover\" srcset=\"https:\/\/www.snautopalvelu.fi\/wp-content\/uploads\/2026\/04\/Moottori-tila.png 580w, https:\/\/www.snautopalvelu.fi\/wp-content\/uploads\/2026\/04\/Moottori-tila-300x183.png 300w\" sizes=\"auto, (max-width: 580px) 100vw, 580px\" \/><\/figure>\n\n\n\n<h3 class=\"wp-block-heading\">\u00d6ljynvaihdot<\/h3>\n\n\n\n<p class=\"has-medium-font-size\">Korjaamme viat nopeasti ja ammattitaidolla. Oli kyse pienest\u00e4 viasta tai isommasta remontista, saat meilt\u00e4 luotettavan ja kest\u00e4v\u00e4n ratkaisun.<\/p>\n<\/div>\n\n\n\n<div class=\"wp-block-column is-layout-flow wp-block-column-is-layout-flow\">\n<figure class=\"wp-block-image size-full\" style=\"margin-bottom:24px\"><img loading=\"lazy\" decoding=\"async\" width=\"649\" height=\"713\" src=\"https:\/\/www.snautopalvelu.fi\/wp-content\/uploads\/2026\/04\/renkaanvaihto-toyota.png\" alt=\"\" class=\"wp-image-22\" style=\"aspect-ratio:4\/3;object-fit:cover\" srcset=\"https:\/\/www.snautopalvelu.fi\/wp-content\/uploads\/2026\/04\/renkaanvaihto-toyota.png 649w, https:\/\/www.snautopalvelu.fi\/wp-content\/uploads\/2026\/04\/renkaanvaihto-toyota-273x300.png 273w\" sizes=\"auto, (max-width: 649px) 100vw, 649px\" \/><\/figure>\n\n\n\n<h3 class=\"wp-block-heading\">Renkaanvaihdot<\/h3>\n\n\n\n<p class=\"has-medium-font-size\">Nopeat ja turvalliset renkaanvaihdot kauden mukaan. Varmistamme, ett\u00e4 autosi pito ja ajoturvallisuus ovat aina parhaalla tasolla.<br><br><\/p>\n<\/div>\n<\/div>\n<\/div>\n\n\n\n<div class=\"wp-block-group alignfull has-global-padding is-layout-constrained wp-block-group-is-layout-constrained\" style=\"margin-top:0;margin-bottom:0;padding-top:var(--wp--preset--spacing--60);padding-bottom:var(--wp--preset--spacing--60)\">\n<div class=\"wp-block-columns alignwide is-layout-flex wp-container-core-columns-is-layout-74b2cda3 wp-block-columns-is-layout-flex\">\n<div class=\"wp-block-column is-layout-flow wp-block-column-is-layout-flow\">\n<div class=\"wp-block-group is-vertical is-content-justification-left is-layout-flex wp-container-core-group-is-layout-7ce391b6 wp-block-group-is-layout-flex\" style=\"min-height:100%\">\n<h2 class=\"wp-block-heading is-style-text-annotation has-x-small-font-size is-style-text-annotation--5\">Mit\u00e4 ihmiset sanovat meist\u00e4?<\/h2>\n\n\n\n<blockquote class=\"wp-block-quote is-style-plain has-x-large-font-size is-layout-flow wp-container-core-quote-is-layout-5dafc681 wp-block-quote-is-layout-flow is-style-plain--6\" style=\"font-style:normal;font-weight:400\">\n<div class=\"wp-block-group has-global-padding is-content-justification-left is-layout-constrained wp-container-core-group-is-layout-085bd3d9 wp-block-group-is-layout-constrained\" style=\"margin-top:0;margin-bottom:0;padding-top:0;padding-right:0;padding-bottom:0;padding-left:0\">\n<p class=\"has-xx-large-font-size\">\u201cSuosittelen! Palvelu oli helppoa, mukavaa ja ammattitaitoista, kiitos!\u201d<\/p>\n\n\n\n<p><img loading=\"lazy\" decoding=\"async\" width=\"500\" height=\"79\" class=\"wp-image-19\" style=\"width: 500px;\" src=\"https:\/\/www.snautopalvelu.fi\/wp-content\/uploads\/2026\/04\/asiakastyytyvaisyys-e1775421929486.png\" alt=\"\" srcset=\"https:\/\/www.snautopalvelu.fi\/wp-content\/uploads\/2026\/04\/asiakastyytyvaisyys-e1775421929486.png 558w, https:\/\/www.snautopalvelu.fi\/wp-content\/uploads\/2026\/04\/asiakastyytyvaisyys-e1775421929486-300x47.png 300w\" sizes=\"auto, (max-width: 500px) 100vw, 500px\" \/><\/p>\n<\/div>\n<cite>Tyytyv\u00e4inen asiakas &#8211; Oulu<\/cite><\/blockquote>\n<\/div>\n<\/div>\n<\/div>\n<\/div>\n\n\n\n<div class=\"wp-block-group alignfull has-global-padding is-layout-constrained wp-block-group-is-layout-constrained\" style=\"margin-top:0;margin-bottom:0;padding-top:var(--wp--preset--spacing--60);padding-bottom:var(--wp--preset--spacing--60)\">\n<h2 class=\"wp-block-heading alignwide has-text-align-center\">Hinnasto<\/h2>\n\n\n\n<p class=\"has-text-align-center\">Me tulemme sinne, miss\u00e4 autosi on &#8211; kotipihalle, ty\u00f6paikalle tai vaikka tienvarteen!<\/p>\n\n\n\n<div style=\"height:var(--wp--preset--spacing--40)\" aria-hidden=\"true\" class=\"wp-block-spacer\"><\/div>\n\n\n\n<div class=\"wp-block-columns alignwide is-layout-flex wp-container-core-columns-is-layout-1d9f35bd wp-block-columns-is-layout-flex\">\n<div class=\"wp-block-column has-border-color is-layout-flow wp-block-column-is-layout-flow\" style=\"border-color:var(--wp--preset--color--accent-6);border-width:1px;border-radius:10px;padding-top:var(--wp--preset--spacing--50);padding-right:var(--wp--preset--spacing--50);padding-bottom:var(--wp--preset--spacing--50);padding-left:var(--wp--preset--spacing--50)\">\n<h3 class=\"wp-block-heading\" id=\"free\">SN AutoPalvelu hinnasto 2026<\/h3>\n\n\n\n<p class=\"has-large-font-size\">Yleisimm\u00e4t korjaus- ja huoltoty\u00f6t Oulun alueella.<\/p>\n\n\n\n<ul style=\"padding-bottom:var(--wp--preset--spacing--20);padding-left:var(--wp--preset--spacing--20)\" class=\"wp-block-list is-style-checkmark-list has-small-font-size\">\n<li>Henkil\u00f6auton renkaanvaihto 32\u20ac<\/li>\n\n\n\n<li>Pakettiauton renkaanvaihto 37\u20ac<\/li>\n\n\n\n<li>\u00d6ljynvaihto 35\u20ac<\/li>\n\n\n\n<li>Vikakoodien luku 20\u20ac (Carly ja universaali OBD2 adapteri)<\/li>\n\n\n\n<li>Auton korjaukset ja muut huollot sovittaessa tapauskohtaisesti.<\/li>\n<\/ul>\n\n\n\n<div class=\"wp-block-buttons is-content-justification-center is-layout-flex wp-container-core-buttons-is-layout-a89b3969 wp-block-buttons-is-layout-flex\"><\/div>\n<\/div>\n<\/div>\n<\/div>\n\n\n\n<aside class=\"wp-block-group alignfull is-style-section-3 has-global-padding is-layout-constrained wp-container-core-group-is-layout-f0f2a97b wp-block-group-is-layout-constrained is-style-section-3--7\" style=\"margin-top:0;margin-bottom:0;padding-top:var(--wp--preset--spacing--50);padding-right:var(--wp--preset--spacing--50);padding-bottom:var(--wp--preset--spacing--50);padding-left:var(--wp--preset--spacing--50)\">\n<div class=\"wp-block-group is-vertical is-content-justification-center is-layout-flex wp-container-core-group-is-layout-8778ca4a wp-block-group-is-layout-flex\" style=\"min-height:360px;margin-top:0;margin-bottom:0\">\n<h2 class=\"wp-block-heading has-text-align-center has-xx-large-font-size\">Olethan meihin yhteydess\u00e4!<\/h2>\n\n\n\n<p class=\"has-text-align-center is-style-text-subtitle is-style-text-subtitle--8\">S-posti: info@snautopalvelu.fi<br>Puh.Nro: 0443848800<\/p>\n\n\n\n<p>Meid\u00e4t tavoittaa parhaiten arkisin Whatsappista 08:00-18:00<\/p>\n\n\n\n<div style=\"height:0px\" aria-hidden=\"true\" class=\"wp-block-spacer wp-container-content-62aae154\"><\/div>\n\n\n\n<div class=\"wp-block-buttons is-content-justification-center is-layout-flex wp-container-core-buttons-is-layout-a89b3969 wp-block-buttons-is-layout-flex\">\n<div class=\"wp-block-button\"><a class=\"wp-block-button__link has-text-align-center wp-element-button\" href=\"https:\/\/wa.me\/0443848800\">Paina t\u00e4st\u00e4 laittaaksesi viesti\u00e4 WA:lla<\/a><\/div>\n<\/div>\n<\/div>\n<\/aside>\n\n\n\n<p><\/p>\n","protected":false},"excerpt":{"rendered":"<p>SN AutoPalvelu &#8211; Soita! SN AutoPalvelu on yritys, jolle autot ovat intohimo.Meille jokainen auto on t\u00e4rke\u00e4, ja jokainen ty\u00f6 tehd\u00e4\u00e4n huolella alusta loppuun. Tarjoamme rehellist\u00e4, laadukasta ja luotettavaa autohuoltoa ilman turhaa kikkailua \u2013 juuri niin kuin sen pit\u00e4\u00e4kin olla. Tietoa meist\u00e4 SN AutoPalvelu tarjoaa laadukkaat autohuollot, korjaukset ja diagnostiikkapalvelut kaiken merkkisille ajoneuvoille. Hoidamme m\u00e4\u00e4r\u00e4aikaishuollot, vikadiagnostiikan, [&hellip;]<\/p>\n","protected":false},"author":1,"featured_media":0,"parent":0,"menu_order":0,"comment_status":"closed","ping_status":"closed","template":"","meta":{"footnotes":""},"class_list":["post-14","page","type-page","status-publish","hentry"],"yoast_head":"<!-- This site is optimized with the Yoast SEO plugin v27.5 - https:\/\/yoast.com\/product\/yoast-seo-wordpress\/ -->\n<title>Etusivu - SN AutoPalvelu - Takuulla paras!<\/title>\n<meta name=\"description\" content=\"SN AutoPalvelu tarjoaa luotettavaa autohuoltoa Oulussa. \u00d6ljynvaihdot, jarruty\u00f6t, renkaanvaihdot ja liikkuva autopalvelu nopeasti alueellasi.\" \/>\n<meta name=\"robots\" content=\"index, follow, max-snippet:-1, max-image-preview:large, max-video-preview:-1\" \/>\n<link rel=\"canonical\" href=\"https:\/\/www.snautopalvelu.fi\/\" \/>\n<meta property=\"og:locale\" content=\"fi_FI\" \/>\n<meta property=\"og:type\" content=\"article\" \/>\n<meta property=\"og:title\" content=\"Etusivu - SN AutoPalvelu - Takuulla paras!\" \/>\n<meta property=\"og:description\" content=\"SN AutoPalvelu tarjoaa luotettavaa autohuoltoa Oulussa. \u00d6ljynvaihdot, jarruty\u00f6t, renkaanvaihdot ja liikkuva autopalvelu nopeasti alueellasi.\" \/>\n<meta property=\"og:url\" content=\"https:\/\/www.snautopalvelu.fi\/\" \/>\n<meta property=\"og:site_name\" content=\"SN AutoPalvelu - Takuulla paras!\" \/>\n<meta property=\"article:modified_time\" content=\"2026-04-06T07:37:01+00:00\" \/>\n<meta property=\"og:image\" content=\"https:\/\/www.snautopalvelu.fi\/wp-content\/uploads\/2026\/04\/SNAUTOPALVELU.png\" \/>\n\t<meta property=\"og:image:width\" content=\"1024\" \/>\n\t<meta property=\"og:image:height\" content=\"1024\" \/>\n\t<meta property=\"og:image:type\" content=\"image\/png\" \/>\n<meta name=\"twitter:card\" content=\"summary_large_image\" \/>\n<meta name=\"twitter:label1\" content=\"Arvioitu lukuaika\" \/>\n\t<meta name=\"twitter:data1\" content=\"3 minuuttia\" \/>\n<script type=\"application\/ld+json\" class=\"yoast-schema-graph\">{\"@context\":\"https:\\\/\\\/schema.org\",\"@graph\":[{\"@type\":\"WebPage\",\"@id\":\"https:\\\/\\\/www.snautopalvelu.fi\\\/\",\"url\":\"https:\\\/\\\/www.snautopalvelu.fi\\\/\",\"name\":\"Etusivu - SN AutoPalvelu - Takuulla paras!\",\"isPartOf\":{\"@id\":\"https:\\\/\\\/www.snautopalvelu.fi\\\/#website\"},\"primaryImageOfPage\":{\"@id\":\"https:\\\/\\\/www.snautopalvelu.fi\\\/#primaryimage\"},\"image\":{\"@id\":\"https:\\\/\\\/www.snautopalvelu.fi\\\/#primaryimage\"},\"thumbnailUrl\":\"https:\\\/\\\/www.snautopalvelu.fi\\\/wp-content\\\/uploads\\\/2026\\\/04\\\/SNAUTOPALVELU.png\",\"datePublished\":\"2026-04-05T21:01:03+00:00\",\"dateModified\":\"2026-04-06T07:37:01+00:00\",\"description\":\"SN AutoPalvelu tarjoaa luotettavaa autohuoltoa Oulussa. \u00d6ljynvaihdot, jarruty\u00f6t, renkaanvaihdot ja liikkuva autopalvelu nopeasti alueellasi.\",\"breadcrumb\":{\"@id\":\"https:\\\/\\\/www.snautopalvelu.fi\\\/#breadcrumb\"},\"inLanguage\":\"fi\",\"potentialAction\":[{\"@type\":\"ReadAction\",\"target\":[\"https:\\\/\\\/www.snautopalvelu.fi\\\/\"]}]},{\"@type\":\"ImageObject\",\"inLanguage\":\"fi\",\"@id\":\"https:\\\/\\\/www.snautopalvelu.fi\\\/#primaryimage\",\"url\":\"https:\\\/\\\/www.snautopalvelu.fi\\\/wp-content\\\/uploads\\\/2026\\\/04\\\/SNAUTOPALVELU.png\",\"contentUrl\":\"https:\\\/\\\/www.snautopalvelu.fi\\\/wp-content\\\/uploads\\\/2026\\\/04\\\/SNAUTOPALVELU.png\",\"width\":1024,\"height\":1024},{\"@type\":\"BreadcrumbList\",\"@id\":\"https:\\\/\\\/www.snautopalvelu.fi\\\/#breadcrumb\",\"itemListElement\":[{\"@type\":\"ListItem\",\"position\":1,\"name\":\"Etusivu\",\"item\":\"https:\\\/\\\/www.snautopalvelu.fi\\\/\"},{\"@type\":\"ListItem\",\"position\":2,\"name\":\"Etusivu\"}]},{\"@type\":\"WebSite\",\"@id\":\"https:\\\/\\\/www.snautopalvelu.fi\\\/#website\",\"url\":\"https:\\\/\\\/www.snautopalvelu.fi\\\/\",\"name\":\"SN AutoPalvelu - Takuulla paras!\",\"description\":\"SN AutoPalvelu on vuonna 2025 perustettu toiminimiyritys Oulun Metsokankaalla. Olemme korjanneet ja huoltaneet useita eri automerkkej\u00e4 t\u00e4m\u00e4n lyhyen yritys taipaleen aikana. Asiantuntemus ja luotto ty\u00f6h\u00f6n tulee vankalta harrastus pohjalta. Olemme rakentaneet autoja kohta 8 vuoden ajan.\",\"publisher\":{\"@id\":\"https:\\\/\\\/www.snautopalvelu.fi\\\/#organization\"},\"potentialAction\":[{\"@type\":\"SearchAction\",\"target\":{\"@type\":\"EntryPoint\",\"urlTemplate\":\"https:\\\/\\\/www.snautopalvelu.fi\\\/?s={search_term_string}\"},\"query-input\":{\"@type\":\"PropertyValueSpecification\",\"valueRequired\":true,\"valueName\":\"search_term_string\"}}],\"inLanguage\":\"fi\"},{\"@type\":\"Organization\",\"@id\":\"https:\\\/\\\/www.snautopalvelu.fi\\\/#organization\",\"name\":\"SN AutoPalvelu - Takuulla paras!\",\"url\":\"https:\\\/\\\/www.snautopalvelu.fi\\\/\",\"logo\":{\"@type\":\"ImageObject\",\"inLanguage\":\"fi\",\"@id\":\"https:\\\/\\\/www.snautopalvelu.fi\\\/#\\\/schema\\\/logo\\\/image\\\/\",\"url\":\"https:\\\/\\\/www.snautopalvelu.fi\\\/wp-content\\\/uploads\\\/2026\\\/04\\\/SNAUTOPALVELU.png\",\"contentUrl\":\"https:\\\/\\\/www.snautopalvelu.fi\\\/wp-content\\\/uploads\\\/2026\\\/04\\\/SNAUTOPALVELU.png\",\"width\":1024,\"height\":1024,\"caption\":\"SN AutoPalvelu - Takuulla paras!\"},\"image\":{\"@id\":\"https:\\\/\\\/www.snautopalvelu.fi\\\/#\\\/schema\\\/logo\\\/image\\\/\"}}]}<\/script>\n<!-- \/ Yoast SEO plugin. -->","yoast_head_json":{"title":"Etusivu - SN AutoPalvelu - Takuulla paras!","description":"SN AutoPalvelu tarjoaa luotettavaa autohuoltoa Oulussa. \u00d6ljynvaihdot, jarruty\u00f6t, renkaanvaihdot ja liikkuva autopalvelu nopeasti alueellasi.","robots":{"index":"index","follow":"follow","max-snippet":"max-snippet:-1","max-image-preview":"max-image-preview:large","max-video-preview":"max-video-preview:-1"},"canonical":"https:\/\/www.snautopalvelu.fi\/","og_locale":"fi_FI","og_type":"article","og_title":"Etusivu - SN AutoPalvelu - Takuulla paras!","og_description":"SN AutoPalvelu tarjoaa luotettavaa autohuoltoa Oulussa. \u00d6ljynvaihdot, jarruty\u00f6t, renkaanvaihdot ja liikkuva autopalvelu nopeasti alueellasi.","og_url":"https:\/\/www.snautopalvelu.fi\/","og_site_name":"SN AutoPalvelu - Takuulla paras!","article_modified_time":"2026-04-06T07:37:01+00:00","og_image":[{"width":1024,"height":1024,"url":"https:\/\/www.snautopalvelu.fi\/wp-content\/uploads\/2026\/04\/SNAUTOPALVELU.png","type":"image\/png"}],"twitter_card":"summary_large_image","twitter_misc":{"Arvioitu lukuaika":"3 minuuttia"},"schema":{"@context":"https:\/\/schema.org","@graph":[{"@type":"WebPage","@id":"https:\/\/www.snautopalvelu.fi\/","url":"https:\/\/www.snautopalvelu.fi\/","name":"Etusivu - SN AutoPalvelu - Takuulla paras!","isPartOf":{"@id":"https:\/\/www.snautopalvelu.fi\/#website"},"primaryImageOfPage":{"@id":"https:\/\/www.snautopalvelu.fi\/#primaryimage"},"image":{"@id":"https:\/\/www.snautopalvelu.fi\/#primaryimage"},"thumbnailUrl":"https:\/\/www.snautopalvelu.fi\/wp-content\/uploads\/2026\/04\/SNAUTOPALVELU.png","datePublished":"2026-04-05T21:01:03+00:00","dateModified":"2026-04-06T07:37:01+00:00","description":"SN AutoPalvelu tarjoaa luotettavaa autohuoltoa Oulussa. \u00d6ljynvaihdot, jarruty\u00f6t, renkaanvaihdot ja liikkuva autopalvelu nopeasti alueellasi.","breadcrumb":{"@id":"https:\/\/www.snautopalvelu.fi\/#breadcrumb"},"inLanguage":"fi","potentialAction":[{"@type":"ReadAction","target":["https:\/\/www.snautopalvelu.fi\/"]}]},{"@type":"ImageObject","inLanguage":"fi","@id":"https:\/\/www.snautopalvelu.fi\/#primaryimage","url":"https:\/\/www.snautopalvelu.fi\/wp-content\/uploads\/2026\/04\/SNAUTOPALVELU.png","contentUrl":"https:\/\/www.snautopalvelu.fi\/wp-content\/uploads\/2026\/04\/SNAUTOPALVELU.png","width":1024,"height":1024},{"@type":"BreadcrumbList","@id":"https:\/\/www.snautopalvelu.fi\/#breadcrumb","itemListElement":[{"@type":"ListItem","position":1,"name":"Etusivu","item":"https:\/\/www.snautopalvelu.fi\/"},{"@type":"ListItem","position":2,"name":"Etusivu"}]},{"@type":"WebSite","@id":"https:\/\/www.snautopalvelu.fi\/#website","url":"https:\/\/www.snautopalvelu.fi\/","name":"SN AutoPalvelu - Takuulla paras!","description":"SN AutoPalvelu on vuonna 2025 perustettu toiminimiyritys Oulun Metsokankaalla. Olemme korjanneet ja huoltaneet useita eri automerkkej\u00e4 t\u00e4m\u00e4n lyhyen yritys taipaleen aikana. Asiantuntemus ja luotto ty\u00f6h\u00f6n tulee vankalta harrastus pohjalta. Olemme rakentaneet autoja kohta 8 vuoden ajan.","publisher":{"@id":"https:\/\/www.snautopalvelu.fi\/#organization"},"potentialAction":[{"@type":"SearchAction","target":{"@type":"EntryPoint","urlTemplate":"https:\/\/www.snautopalvelu.fi\/?s={search_term_string}"},"query-input":{"@type":"PropertyValueSpecification","valueRequired":true,"valueName":"search_term_string"}}],"inLanguage":"fi"},{"@type":"Organization","@id":"https:\/\/www.snautopalvelu.fi\/#organization","name":"SN AutoPalvelu - Takuulla paras!","url":"https:\/\/www.snautopalvelu.fi\/","logo":{"@type":"ImageObject","inLanguage":"fi","@id":"https:\/\/www.snautopalvelu.fi\/#\/schema\/logo\/image\/","url":"https:\/\/www.snautopalvelu.fi\/wp-content\/uploads\/2026\/04\/SNAUTOPALVELU.png","contentUrl":"https:\/\/www.snautopalvelu.fi\/wp-content\/uploads\/2026\/04\/SNAUTOPALVELU.png","width":1024,"height":1024,"caption":"SN AutoPalvelu - Takuulla paras!"},"image":{"@id":"https:\/\/www.snautopalvelu.fi\/#\/schema\/logo\/image\/"}}]}},"_links":{"self":[{"href":"https:\/\/www.snautopalvelu.fi\/index.php\/wp-json\/wp\/v2\/pages\/14","targetHints":{"allow":["GET"]}}],"collection":[{"href":"https:\/\/www.snautopalvelu.fi\/index.php\/wp-json\/wp\/v2\/pages"}],"about":[{"href":"https:\/\/www.snautopalvelu.fi\/index.php\/wp-json\/wp\/v2\/types\/page"}],"author":[{"embeddable":true,"href":"https:\/\/www.snautopalvelu.fi\/index.php\/wp-json\/wp\/v2\/users\/1"}],"replies":[{"embeddable":true,"href":"https:\/\/www.snautopalvelu.fi\/index.php\/wp-json\/wp\/v2\/comments?post=14"}],"version-history":[{"count":12,"href":"https:\/\/www.snautopalvelu.fi\/index.php\/wp-json\/wp\/v2\/pages\/14\/revisions"}],"predecessor-version":[{"id":46,"href":"https:\/\/www.snautopalvelu.fi\/index.php\/wp-json\/wp\/v2\/pages\/14\/revisions\/46"}],"wp:attachment":[{"href":"https:\/\/www.snautopalvelu.fi\/index.php\/wp-json\/wp\/v2\/media?parent=14"}],"curies":[{"name":"wp","href":"https:\/\/api.w.org\/{rel}","templated":true}]}}